 is the thousands digit of 229582634?
2
What is the millions digit of 523732399?
3
What is the hundreds digit of 2248024472?
4
What is the millions digit of 205283598?
5
What is the ten thousands digit of 1063068719?
6
What is the thousands digit of 164031419?
1
What is the hundreds digit of 90034309?
3
What is the hundred thousands digit of 7562207707?
2
What is the ten thousands digit of 1347116353?
1
What is the hundred thousands digit of 257400761?
4
What is the billions digit of 2427973554?
2
What is the ten millions digit of 211567816?
1
What is the millions digit of 192753217?
2
What is the units digit of 5778143779?
9
What is the tens digit of 35676877?
7
What is the thousands digit of 5869981?
9
What is the hundred thousands digit of 265859840?
8
What is the ten thousands digit of 177475490?
7
What is the units digit of 514327441?
1
What is the ten thousands digit of 39713419?
1
What is the hundred millions digit of 1235274956?
2
What is the units digit of 239954714?
4
What is the units digit of 731187838?
8
What is the units digit of 37081371?
1
What is the thousands digit of 264392539?
2
What is the units digit of 8599547?
7
What is the ten millions digit of 17444748?
1
What is the ten thousands digit of 5502072?
0
What is the millions digit of 299371083?
9
What is the thousands digit of 29186795?
6
What is the millions digit of 73974878?
3
What is the ten thousands digit of 195290610?
9
What is the tens digit of 651191351?
5
What is the ten thousands digit of 301161958?
6
What is the units digit of 30912892?
2
What is the ten millions digit of 55103300?
5
What is the hundred thousands digit of 1998730828?
7
What is the ten thousands digit of 31016177?
1
What is the hundred millions digit of 660134691?
6
What is the billions digit of 1682299850?
1
What is the units digit of 321992967?
7
What is the ten millions digit of 1379793019?
7
What is the units digit of 53890448?
8
What is the billions digit of 1199706873?
1
What is the millions digit of 1871168009?
1
What is the millions digit of 26362884?
6
What is the hundreds digit of 1372025805?
8
What is the hundred thousands digit of 68148597?
1
What is the ten thousands digit of 202487301?
8
What is the thousands digit of 180569918?
9
What is the billions digit of 5306894769?
5
What is the tens digit of 76774496?
9
What is the hundreds digit of 3375269?
2
What is the tens digit of 312847023?
2
What is the hundred millions digit of 345599115?
3
What is the units digit of 189132086?
6
What is the ten millions digit of 1733268503?
3
What is the units digit of 1409806525?
5
What is the ten thousands digit of 29491139?
9
What is the ten thousands digit of 2205075957?
7
What is the millions digit of 97350060?
7
What is the hundreds digit of 1959897462?
4
What is the billions digit of 4711729898?
4
What is the thousands digit of 3926322193?
2
What is the billions digit of 1384755647?
1
What is the hundred thousands digit of 28813353?
8
What is the ten millions digit of 3007060740?
0
What is the billions digit of 2930335485?
2
What is the hundred thousands digit of 1225542498?
5
What is the hundreds digit of 136636560?
5
What is the thousands digit of 350559310?
9
What is the ten thousands digit of 143576812?
7
What is the hundreds digit of 248184637?
6
What is the hundred thousands digit of 177140?
1
What is the units digit of 6681872?
2
What is the hundred thousands digit of 2158932445?
9
What is the ten thousands digit of 115327077?
2
What is the hundreds digit of 5396629505?
5
What is the thousands digit of 944628?
4
What is the tens digit of 340912532?
3
What is the hundreds digit of 3235118443?
4
What is the hundred millions digit of 2809963595?
8
What is the units digit of 695752603?
3
What is the tens digit of 804520798?
9
What is the hundred thousands digit of 1187893230?
8
What is the hundred thousands digit of 1014465410?
4
What is the hundred millions digit of 4456689252?
4
What is the thousands digit of 2271356777?
6
What is the hundred millions digit of 310555811?
3
What is the thousands digit of 62810380?
0
What is the ten thousands digit of 13630740?
3
What is the millions digit of 1157256978?
7
What is the hundreds digit of 114109637?
6
What is the hundred millions digit of 210880747?
2
What is the ten millions digit of 87077384?
8
What is the hundreds digit of 393266295?
2
What is the hundreds digit of 448767831?
8
What is the ten thousands digit of 7831511?
3
What is the hundred millions digit of 542327660?
5
What is the millions digit of 232394940?
2
What is the hundred millions digit of 355057405?
3
What is the tens digit of 2678372561?
6
What is the thousands digit of 1004510520?
0
What is the millions digit of 6480656?
6
What is the ten millions digit of 231676030?
3
What is the hundred millions digit of 152378864?
1
What is the ten millions digit of 182548700?
8
What is the billions digit of 2116308964?
2
What is the ten millions digit of 171874260?
7
What is the ten millions digit of 19739955?
1
What is the units digit of 195056683?
3
What is the millions digit of 98202745?
8
What is the hundreds digit of 98442950?
9
What is the units digit of 125564999?
9
What is the hundred thousands digit of 2245883192?
8
What is the millions digit of 249305430?
9
What is the ten millions digit of 623358941?
2
What is the hundreds digit of 239902203?
2
What is the ten millions digit of 997634561?
9
What is the hundred thousands digit of 691155837?
1
What is the ten millions digit of 2079773976?
7
What is the hundreds digit of 477910982?
9
What is the ten millions digit of 294210548?
9
What is the hundred millions digit of 1189726501?
1
What is the ten millions digit of 602812399?
0
What is the thousands digit of 46809711?
9
What is the millions digit of 46361569?
6
What is the thousands digit of 197720399?
0
What is the units digit of 344500842?
2
What is the thousands digit of 485178428?
8
What is the millions digit of 164504938?
4
What is the millions digit of 143732941?
3
What is the hundred thousands digit of 32935363?
9
What is the ten millions digit of 6805561859?
0
What is the hundred thousands digit of 28162277?
1
What is the ten millions digit of 1472868302?
7
What is the millions digit of 285967820?
5
What is the ten thousands digit of 4103946396?
4
What is the hundreds digit of 39246524?
5
What is the millions digit of 302091467?
2
What is the millions digit of 51923453?
1
What is the hundred millions digit of 202779071?
2
What is the thousands digit of 322590756?
0
What is the ten thousands digit of 474136686?
3
What is the hundred thousands digit of 95734860?
7
What is the millions digit of 218895630?
8
What is the billions digit of 3363031043?
3
What is the ten millions digit of 196774944?
9
What is the ten millions digit of 109318031?
0
What is the ten thousands digit of 3262601196?
0
What is the hundreds digit of 96002800?
8
What is the tens digit of 472473808?
0
What is the thousands digit of 3752980684?
0
What is the ten millions digit of 5916465550?
1
What is the ten millions digit of 10787315?
1
What is the ten thousands digit of 4768348?
6
What is the units digit of 861574363?
3
What is the thousands digit of 11665609?
5
What is the tens digit of 725556212?
1
What is the thousands digit of 1807205338?
5
What is the millions digit of 65876832?
5
What is the hundred millions digit of 1954900228?
9
What is the hundred millions digit of 879945742?
8
What is the ten millions digit of 291535312?
9
What is the millions digit of 165426468?
5
What is the billions digit of 6793659485?
6
What is the ten millions digit of 1013455435?
1
What is the hundred millions digit of 918186621?
9
What is the hundred thousands digit of 749537871?
5
What is the thousands digit of 132611709?
1
What is the thousands digit of 923857859?
7
What is the ten thousands digit of 555006636?
0
What is the millions digit of 132909542?
2
What is the hundreds digit of 48957110?
1
What is the hundreds digit of 1074791730?
7
What is the hundreds digit of 199462623?
6
What is the millions digit of 11285961?
1
What is the thousands digit of 1002377894?
7
What is the hundred millions digit of 344552997?
3
What is the ten thousands digit of 52872359?
7
What is the units digit of 212611182?
2
What is 